List the prime factors of 238079641.
661, 360181
What are the prime factors of 188045320?
2, 5, 1699, 2767
What are the prime factors of 34857232?
2, 769, 2833
List the prime factors of 56391999.
3, 61, 308153
List the prime factors of 845171085.
3, 5, 11, 465659
What are the prime factors of 2900061257?
19, 47, 223, 14563
What are the prime factors of 337572702?
2, 3, 23, 29, 31, 907
What are the prime factors of 334261285?
5, 66852257
What are the prime factors of 2085896707?
47, 199, 223019
What are the prime factors of 2131276854?
2, 3, 7, 19, 43, 467
What are the prime factors of 9295491891?
3, 7, 71, 173, 36037
List the prime factors of 2603252875.
5, 20826023
List the prime factors of 54590393.
11, 13, 41, 9311
List the prime factors of 39758929.
7, 5679847
List the prime factors of 373474720.
2, 5, 59, 39563
What are the prime factors of 21909578?
2, 10954789
What are the prime factors of 290510323?
19, 15290017
List the prime factors of 434276179.
19, 23, 31, 32057
List the prime factors of 343542141.
3, 4241261
What are the prime factors of 5454462983?
73, 74718671
List the prime factors of 1862551588.
2, 1153, 403849
What are the prime factors of 489002475?
3, 5, 13, 263, 1907
What are the prime factors of 34495458?
2, 3, 5749243
What are the prime factors of 416351775?
3, 5, 7, 277, 409
What are the prime factors of 183019276?
2, 11, 61, 6199
What are the prime factors of 5425673817?
3, 1808557939
What are the prime factors of 19412437?
11, 23, 277
List the prime factors of 212551695.
3, 5, 269, 1951
List the prime factors of 413193916.
2, 31, 163, 20443
What are the prime factors of 172150935?
3, 5, 11, 94849
What are the prime factors of 135932577?
3, 11, 4119169
What are the prime factors of 431630371?
59, 71, 167, 617
What are the prime factors of 46855725?
3, 5, 7, 31, 2879
What are the prime factors of 987200225?
5, 11, 3589819
What are the prime factors of 12896122?
2, 6448061
What are the prime factors of 719832794?
2, 23, 15648539
What are the prime factors of 2421666503?
331, 7316213
What are the prime factors of 26113457?
107, 109, 2239
List the prime factors of 46438533.
3, 1223, 4219
List the prime factors of 175790637.
3, 11, 1775663
List the prime factors of 1936921842.
2, 3, 43, 79, 10559
What are the prime factors of 18312781?
2239, 8179
List the prime factors of 82662259.
61, 1355119
List the prime factors of 209601044.
2, 31, 829, 2039
List the prime factors of 1830889381.
19, 96362599
List the prime factors of 38603293.
43, 897751
What are the prime factors of 1376074601?
11, 19, 47, 73, 101
What are the prime factors of 290313638?
2, 145156819
List the prime factors of 2603232641.
53, 113, 593, 733
What are the prime factors of 16412352?
2, 3, 11, 19, 409
List the prime factors of 207235378.
2, 7, 109, 139, 977
List the prime factors of 4993699488.
2, 3, 52017703
What are the prime factors of 697514915?
5, 139502983
List the prime factors of 40390154.
2, 7, 241, 11971
List the prime factors of 4861408663.
41, 59, 593, 3389
What are the prime factors of 7929427?
11, 720857
List the prime factors of 18193604.
2, 11, 13, 17, 1871
What are the prime factors of 69018099?
3, 419, 54907
What are the prime factors of 63651599?
11, 5786509
What are the prime factors of 6572597?
6572597
What are the prime factors of 2461895271?
3, 11, 24867629
List the prime factors of 935587973.
229, 4085537
What are the prime factors of 173708732?
2, 619, 70157
What are the prime factors of 50631911?
11, 239, 19259
List the prime factors of 5138233.
17, 479, 631
List the prime factors of 11565397.
11565397
What are the prime factors of 1402554298?
2, 17, 41251597
List the prime factors of 1967393852.
2, 3727, 131969
List the prime factors of 97307319.
3, 23, 193, 7307
What are the prime factors of 197125201?
7, 13, 43, 50377
List the prime factors of 1387464947.
11, 61, 331, 6247
What are the prime factors of 422500861?
67, 6305983
List the prime factors of 1459692162.
2, 3, 1237, 65557
What are the prime factors of 4416087001?
4416087001
What are the prime factors of 1980151819?
1980151819
What are the prime factors of 21952256?
2, 85751
What are the prime factors of 72662951?
29, 107, 23417
List the prime factors of 3506357228.
2, 11, 41, 1943657
List the prime factors of 188967439.
181, 1044019
List the prime factors of 15484658.
2, 7, 19, 23, 2531
List the prime factors of 409502282.
2, 7, 113, 313, 827
What are the prime factors of 4044088793?
4044088793
List the prime factors of 5008879343.
13, 31, 1163, 10687
List the prime factors of 4792650295.
5, 157, 281, 21727
List the prime factors of 39772203.
3, 13257401
What are the prime factors of 52494891?
3, 19, 920963
List the prime factors of 13545587.
11, 10177
List the prime factors of 872679722.
2, 436339861
List the prime factors of 133070223.
3, 11, 13, 310187
What are the prime factors of 569421309?
3, 47, 479, 8431
What are the prime factors of 15715053?
3, 21557
What are the prime factors of 34429137?
3, 23, 498973
What are the prime factors of 98173134?
2, 3, 691, 877
What are the prime factors of 120236579?
19, 2269, 2789
What are the prime factors of 949055670?
2, 3, 5, 23, 67, 2281
List the prime factors of 17999196.
2, 3, 1499933
List the prime factors of 4986047261.
13, 163, 397, 5927
What are the prime factors of 53852054?
2, 67, 479, 839
What are the prime factors of 2052155687?
5471, 375097
List the prime factors of 513204255.
3, 5, 67, 18913
List the prime factors of 2545315.
5, 509063
List the prime factors of 345175126.
2, 197, 876079
What are the prime factors of 24778257?
3, 7, 131, 9007
List the prime factors of 147871152.
2, 3, 11, 13, 43, 167
List the prime factors of 99350736.
2, 3, 2069807
List the prime factors of 910812638.
2, 17, 311, 86137
List the prime factors of 142327296.
2, 3, 67, 461
List the prime factors of 4723111.
719, 6569
List the prime factors of 1384171842.
2, 3, 1567, 147221
List the prime factors of 45578242.
2, 22789121
List the prime factors of 2941718895.
3, 5, 65371531
List the prime factors of 55235800.
2, 5, 31, 59, 151
What are the prime factors of 17656686?
2, 3, 23, 42649
What are the prime factors of 309477315?
3, 5, 7, 2947403
What are the prime factors of 58297187?
13, 19, 236021
List the prime factors of 277272390.
2, 3, 5, 9242413
What are the prime factors of 676961395?
5, 11, 109, 112921
List the prime factors of 1478107332.
2, 3, 13, 223, 4721
What are the prime factors of 1548857899?
331, 4679329
List the prime factors of 2164353055.
5, 47, 9210013
List the prime factors of 299696584.
2, 11, 43, 79201
What are the prime factors of 107432396?
2, 26858099
List the prime factors of 1220878283.
139, 211, 41627
List the prime factors of 106902152.
2, 7, 1908967
List the prime factors of 387148304.
2, 24196769
What are the prime factors of 12176635?
5, 2435327
List the prime factors of 856457983.
59, 881, 16477
What are the prime factors of 1522414286?
2, 761207143
List the prime factors of 246115592.
2, 30764449
List the prime factors of 26052314.
2, 71, 271, 677
List the prime factors of 4438975032.
2, 3, 593, 103967
List the prime factors of 171563661.
3, 19062629
What are the prime factors of 124738729?
23, 37, 6373
What are the prime factors of 103912949?
7, 277, 53591
List the prime factors of 104505813.
3, 23, 401, 1259
What are the prime factors of 24315437?
401, 60637
List the prime factors of 3951283939.
17, 41, 701, 8087
List the prime factors of 7061692.
2, 11, 19, 8447
List the prime factors of 109418935.
5, 23, 951469
What are the prime factors of 304588421?
29, 10503049
What are the prime factors of 124746104?
2, 7, 2227609
List the prime factors of 4222041765.
3, 5, 2333, 120647
List the prime factors of 15792920.
2, 5, 11, 13, 251
List the prime factors of 766094116.
2, 4651, 41179
List the prime factors of 1054687.
181, 5827
List the prime factors of 883909620.
2, 3, 5, 11, 53, 8423
List the prime factors of 51935916.
2, 3, 43, 251, 401
List the prime factors of 528362638.
2, 264181319
List the prime factors of 52318899.
3, 59, 32843
What are the prime factors of 389870581?
61, 6391321
What are the prime factors of 435859262?
2, 217929631
What are the prime factors of 23110623?
3, 181, 4729
What are 